inder when p is divided by r?
5
Let x(y) = 8*y**2 - 57*y - 114. Calculate the remainder when 96 is divided by x(-2).
0
Let q(t) = 18*t. Let s(y) = -36*y + 1. Let b(x) = 9*q(x) + 4*s(x). Suppose 20 - 41 = -d. Calculate the remainder when b(3) is divided by d.
16
Calculate the remainder when ((-4669)/483)/(250/252 + 0 - 1) is divided by 68.
62
Let j(x) = x + 2. Let c(g) = 2*g + 3. Let o(k) = 6*c(k) - 15*j(k). Suppose 193 = 22*l - 1105. What is the remainder when l is divided by o(-9)?
14
Let k be 16/7 + ((-8)/7)/4. Suppose k*w - 4 = 0, -w - 1 = -2*i - 21. What is the remainder when 34 is divided by 0 + -2 - (-7 + 2 + i)?
10
Let h(v) = -47*v - 14. Let p be h(-2). Suppose -n + 11*n - p = 0. Suppose 5*r - 35 = -u, -4*u + n*u - 2*r = 96. What is the remainder when 121 is divided by u?
21
Suppose -n - 5*p + 177 = -3*n, 0 = -5*n + 5*p - 405. Let d be -51 + (18 + -3)*(-1)/3. Let m = d - n. Calculate the remainder when m is divided by 6.
2
Suppose 0 = 4*o - 3*o + 3, 4*q - 4*o = 184. What is the remainder when q/(((-35)/10)/(-7)) is divided by 37?
12
Let s = 932 + -233. Let w = -694 + s. Calculate the remainder when 44 is divided by w.
4
Let c = 142 + -91. Let l = 8512 + -8340. Calculate the remainder when l is divided by c.
19
Let v = 3041 + -3039. What is the remainder when 2599 is divided by v?
1
Suppose 14 - 146 = -2*t - 3*z, 130 = 2*t + 2*z. What is the remainder when 1003 is divided by t?
58
What is the remainder when (-25 - -23)/((8/226)/(126/(-9))) is divided by 198?
197
Suppose 230*q - 3653 = 6927. Calculate the remainder when 498 is divided by q.
38
Let j = -61756 - -61898. Let m = 89 - 53. What is the remainder when j is divided by m?
34
Let v = -778 + 578. Let t = v - -205. Suppose f = 19 - 6. Calculate the remainder when f is divided by t.
3
Suppose -1696 - 306 = -0*s - 2*s. What is the remainder when s is divided by 323?
32
Let k = -16 - -95. Let m(b) = -5*b - 121. Let u be m(-25). Calculate the remainder when k is divided by ((-1)/u)/(10/(-1800)*5).
7
Let i(c) = 7*c**3 - 10*c**2 + 47*c + 44. Calculate the remainder when i(6) is divided by 39.
35
Calculate the remainder when (2292/26)/((-234)/(-2028)) is divided by 85.
84
Let l(n) = -6*n + 478. Calculate the remainder when l(24) is divided by 39.
22
Let i be (-12)/16 - (-45)/12. Suppose -i*w = 7*w - 1900. Suppose d = 6*d - w. What is the remainder when d is divided by 10?
8
Let a(j) = 24*j**2 - 133*j - 9. What is the remainder when 173 is divided by a(6)?
2
Suppose -c - a + 10 = -6*a, 3*c + 2*a = -4. What is the remainder when (7/2)/((-1)/(-2)) is divided by -2 + 4 + (c - (1 - 1))?
1
Let c = -367 + 799. What is the remainder when c is divided by 86?
2
Let q(f) = -f**3 - 17*f**2 - 26*f + 164. Calculate the remainder when 518 is divided by q(-15).
102
Let j = -65 - -83. Let g be 1 + 0/1 + 2. What is the remainder when j is divided by (g/(-2))/(9/(-60))?
8
Suppose -2*t = -3*q + 6139, -5*q - 4*t - 3808 = -14047. What is the remainder when q is divided by 41?
38
Suppose r + 4*x = 17, 3*x - 97 = -4*r - 29. Calculate the remainder when 69960/260 + (-4)/52 is divided by r.
14
Let g = -316 + 446. Let j = 399 - g. What is the remainder when j is divided by 13?
9
Suppose 0 = -5*c + 10 - 5, -4*c = -3*s + 5324. Calculate the remainder when s is divided by 428.
64
Let g(m) = 7*m**2 + m - 10. Let v be g(3). Let k = -36 + v. Calculate the remainder when 154 is divided by k.
14
Suppose 354 + 171 = 25*c. Calculate the remainder when 171 is divided by c.
3
Suppose 6*n - n = -10, 5*j = 4*n + 33. Let f = 320 + -140. Calculate the remainder when f is divided by -1*(j - 306/6).
42
Let i = -59 - 98. Suppose 3*c - 11 = -r, -2*c + 19 = 3*r - 0*c. Calculate the remainder when 18/(-42) - i/7 is divided by r.
2
Let c(o) = 10*o - 16. Let b be c(5). Let d(z) = -z**3 + 9*z**2 - 13*z + 23. Let x be d(8). Let l = x + b. What is the remainder when 33 is divided by l?
16
Let r(f) = -4*f**3 - 5*f**2 - 3*f + 2. Calculate the remainder when r(-2) is divided by (-1 - -2)*-1 + (-70 - -83).
8
Suppose -q - 2 = 0, 0 = -0*k + 3*k - 5*q - 124. Suppose -k = -5*o + 3*a, 4*o + 3*a = 8*a + 20. What is the remainder when 45 is divided by o?
5
Let k be (3 - -2)/((-2)/(-10)). Suppose 4*u = 3*u + 3*n + 30, 4*n = -3*u + k. Let h(v) = 4*v + 94. What is the remainder when h(-13) is divided by u?
12
Let z = -165 - -172. Suppose -z*m + 206 - 73 = 0. What is the remainder when 54 is divided by m?
16
Suppose 2*f - 69 - 57 = 0. Let s = f - 28. What is the remainder when ((-133)/14)/((-6)/(-84)*-7)*5 is divided by s?
25
Suppose 5*g + w - 71 = 0, -3*w = 2*g - 27 - 4. Suppose -g*h - h = -3855. What is the remainder when h is divided by 83?
8
Suppose -l = -17 - 1. Let k = 259 + -197. Calculate the remainder when k is divided by l.
8
Suppose -18*b + 203 = -2*b + 59. What is the remainder when 4201 is divided by b?
7
Let y = -30010 - -34216. What is the remainder when y is divided by 117?
111
Let x = 1699 - 1211. Let t = x + -379. Let v = -16 + 44. What is the remainder when t is divided by v?
25
Let p(b) = 653*b - 596. Calculate the remainder when 1322 is divided by p(1).
11
Let m = 43899 + -43877. Suppose u = 5 - 2. Suppose -o + 3*t = -13, -o - t = -u*t - 11. Calculate the remainder when m is divided by o.
1
Suppose 0 = -10*z + 2342 + 1258. What is the remainder when 720 is divided by z?
0
Let b = -782 + 840. Calculate the remainder when 331 is divided by b.
41
Suppose 3*q - 58*d - 111 = -61*d, 4*q - 121 = 5*d. What is the remainder when 7167 is divided by q?
27
Let u = 2456 - 2441. Calculate the remainder when 74 is divided by u.
14
Suppose -5*l = -4*a + 144, 0 = a - 2*l - 22 - 11. Let y = -136 + 235. What is the remainder when a is divided by (-22)/y - 384/(-27)?
13
Suppose -39*l + 49*l = 550 + 410. Calculate the remainder when 1148 is divided by l.
92
Let c(j) = -j**3 + 16*j**2 + 3*j - 15. Let a be c(15). Let b = -213 + a. What is the remainder when b is divided by 29?
13
Suppose 27*f - 1190 = 3535. Calculate the remainder when 360 is divided by f.
10
Let n = -5228 + 5277. Calculate the remainder when 67 is divided by n.
18
Suppose -6*n - 8 + 104 = 0. Suppose n*p + 36 = 18*p. Calculate the remainder when 248 is divided by p.
14
Let d = -352 - -328. What is the remainder when 18 is divided by d/(-10)*(-260)/(-78)?
2
Suppose 10*r - 140 = 7*r - 2*i, 3*i - 234 = -5*r. Let w = 6 - -2. Suppose -3*u + 46 = -w. What is the remainder when r is divided by u?
12
Suppose -g - 2*x = -7, 4*g - 3*x = 2*g + 49. Suppose g*w + 152 = 21*w. Suppose -328 = -8*u - 136. What is the remainder when w is divided by u?
14
Let v(t) = -t**3 - 8*t**2 + 21*t + 12. Let p be v(-10). What is the remainder when (-2)/(-7) - (-2335)/35 is divided by (-3)/2*(224/(-12))/p?
11
Suppose -3*p - 8*p - 6084 = -18327. Calculate the remainder when p is divided by 226.
209
Suppose 3*n + 5*x - 689 = 0, -3*x - 66 = -51. Suppose -1442 = -12*h + n. What is the remainder when h is divided by 24?
20
Let a be (-4 + 3)*-4 - -21. Suppose 0 = -9*v + 10*v - a. Suppose -3*c + 8 = -v. Calculate the remainder when 20 is divided by c.
9
Let l(z) = -49*z + 7. Suppose -3*k - y = -870, -4 = -y - 7. Let b = k + -240. Calculate the remainder when l(-5) is divided by b.
48
Let n be 438/(-4)*(-72)/108. Suppose 17 = 6*t - n. What is the remainder when 54 is divided by t?
9
Let h(v) = -4*v**2 - 48*v + 28. Calculate the remainder when 46 is divided by h(-12).
18
Let z = 228 - -162. Let n = -344 + z. Calculate the remainder when 134 is divided by n.
42
Suppose -7*z = -1231 - 2094. Let q = 533 - z. Calculate the remainder when q is divided by 34.
24
Suppose 0*p + 80 = p. Let o(x) = 4*x**2 + 228*x - 714. What is the remainder when p is divided by o(-60)?
2
Suppose 2*f - 4 = -0*f. Suppose f*o + 46 = 4*o. Suppose -7*k = -506 - 103. Calculate the remainder when k is divided by o.
18
Suppose 4*m = -3022 + 5598. Calculate the remainder when m is divided by 69.
23
Suppose -108 + 363 = 3*s. Suppose 8*p = 9*p + 2*i - s, 3*p - 215 = 4*i. Calculate the remainder when p is divided by 21.
14
Let p = -412 + 428. Calculate the remainder when ((-72)/(-10))/((-23)/((-2760)/p)) is divided by 10.
4
Let l = -4481 - -4495. What is the remainder when 267 is divided by l?
1
What is the remainder when (-914940)/(-2730) + 1/(-7) is divided by 10